
Convert 1b (base 13) to base 16.
18
What is -3 (base 12) in base 15?
-3
22020 (base 3) to base 6
1010
What is 1b (base 16) in base 8?
33
Convert -75 (base 11) to base 4.
-1102
What is 34 (base 6) in base 2?
10110
-69 (base 12) to base 14
-5b
2d (base 14) to base 7
56
What is c (base 14) in base 15?
c
What is 101 (base 3) in base 5?
20
2b (base 16) to base 10
43
-1 (base 14) to base 9
-1
-3 (base 16) to base 7
-3
Convert -3 (base 14) to base 15.
-3
Convert 132 (base 4) to base 7.
42
Convert 114 (base 9) to base 6.
234
-63 (base 14) to base 6
-223
-12 (base 3) to base 14
-5
What is -10010 (base 3) in base 11?
-77
Convert -4 (base 11) to base 15.
-4
100 (base 2) to base 3
11
Convert 7 (base 13) to base 12.
7
Convert -11 (base 7) to base 4.
-20
Convert 3 (base 10) to base 3.
10
Convert -3 (base 5) to base 16.
-3
-2 (base 16) to base 3
-2
Convert 0 (base 3) to base 6.
0
-23 (base 16) to base 2
-100011
Convert -10111 (base 2) to base 4.
-113
Convert -12 (base 10) to base 9.
-13
-24 (base 13) to base 9
-33
Convert -2 (base 10) to base 3.
-2
Convert -94 (base 16) to base 13.
-b5
1b (base 12) to base 13
1a
What is 13 (base 5) in base 8?
10
-11 (base 2) to base 13
-3
What is -1 (base 6) in base 2?
-1
What is 5 (base 14) in base 7?
5
What is -154 (base 6) in base 13?
-55
Convert -2 (base 15) to base 16.
-2
Convert 8 (base 11) to base 8.
10
Convert 122 (base 4) to base 14.
1c
What is -3 (base 11) in base 16?
-3
What is -44 (base 8) in base 16?
-24
2 (base 7) to base 6
2
What is 0 (base 7) in base 4?
0
6 (base 15) to base 2
110
What is -4 (base 15) in base 12?
-4
What is -13 (base 6) in base 7?
-12
Convert -2231 (base 4) to base 10.
-173
What is 5 (base 16) in base 15?
5
42 (base 8) to base 6
54
Convert -de (base 15) to base 4.
-3101
What is -18 (base 9) in base 7?
-23
Convert 4 (base 11) to base 7.
4
Convert 11 (base 4) to base 11.
5
What is 38 (base 12) in base 2?
101100
287 (base 11) to base 10
337
Convert -44 (base 5) to base 9.
-26
Convert 11 (base 15) to base 14.
12
What is -1 (base 3) in base 9?
-1
What is 40 (base 6) in base 10?
24
What is 44 (base 6) in base 14?
20
-8 (base 13) to base 3
-22
2 (base 12) to base 14
2
What is 7 (base 11) in base 5?
12
What is -4 (base 16) in base 12?
-4
What is -1 (base 7) in base 12?
-1
What is -122 (base 6) in base 7?
-101
What is -11 (base 7) in base 11?
-8
Convert -2 (base 7) to base 8.
-2
Convert -1 (base 4) to base 15.
-1
1010 (base 3) to base 5
110
What is -c (base 13) in base 3?
-110
0 (base 7) to base 16
0
What is 238 (base 11) in base 16?
11b
Convert 0 (base 10) to base 3.
0
-3d (base 16) to base 15
-41
-25 (base 11) to base 4
-123
320 (base 5) to base 11
78
Convert 9 (base 15) to base 16.
9
-1 (base 12) to base 5
-1
122 (base 6) to base 14
38
-22 (base 3) to base 9
-8
-29 (base 13) to base 12
-2b
What is -1c (base 16) in base 7?
-40
Convert -22 (base 3) to base 14.
-8
What is -31 (base 6) in base 13?
-16
-23 (base 4) to base 7
-14
Convert -16 (base 13) to base 8.
-23
-7 (base 10) to base 2
-111
91 (base 12) to base 13
85
What is -4 (base 5) in base 2?
-100
What is 3 (base 14) in base 3?
10
178 (base 11) to base 10
206
-1020 (base 6) to base 16
-e4
3 (base 9) to base 4
3
70 (base 8) to base 4
320
Convert 10 (base 9) to base 8.
11
Convert 22100 (base 3) to base 14.
121
Convert 3 (base 11) to base 16.
3
What is -ac (base 15) in base 13?
-c6
What is 21 (base 14) in base 7?
41
7 (base 11) to base 16
7
Convert -2 (base 15) to base 11.
-2
Convert -3 (base 6) to base 13.
-3
What is -23 (base 12) in base 15?
-1c
Convert 111 (base 3) to base 9.
14
-24 (base 13) to base 7
-42
13 (base 14) to base 3
122
31 (base 9) to base 12
24
What is 244 (base 12) in base 16?
154
What is -31 (base 7) in base 11?
-20
Convert 3 (base 10) to base 14.
3
Convert 350 (base 6) to base 3.
12010
344 (base 8) to base 10
228
Convert -11 (base 2) to base 3.
-10
-2 (base 5) to base 2
-10
Convert 36 (base 7) to base 14.
1d
Convert -10 (base 2) to base 3.
-2
Convert 111000 (base 2) to base 6.
132
Convert 9 (base 16) to base 9.
10
What is 33 (base 4) in base 15?
10
What is -4 (base 11) in base 3?
-11
Convert -6 (base 12) to base 8.
-6
22 (base 8) to base 6
30
What is 1 (base 2) in base 13?
1
-147 (base 9) to base 7
-235
Convert 4 (base 12) to base 2.
100
Convert 31 (base 5) to base 13.
13
What is 52 (base 8) in base 9?
46
Convert -7 (base 10) to base 3.
-21
164 (base 9) to base 14
9d
-30 (base 11) to base 13
-27
Convert -153 (base 11) to base 3.
-20122
Convert -20 (base 8) to base 16.
-10
What is -3 (base 5) in base 2?
-11
Convert 1 (base 7) to base 13.
1
What is -b6 (base 16) in base 15?
-c2
-101 (base 5) to base 2
-11010
Convert 57 (base 13) to base 9.
80
What is 0 (base 4) in base 2?
0
What is 2 (base 7) in base 6?
2
What is 71 (base 14) in base 13?
78
Convert 10 (base 3) to base 11.
3
What is 1141 (base 5) in base 11?
146
Convert -3 (base 13) to base 3.
-10
Convert -2 (base 8) to base 11.
-2
12 (base 9) to base 3
102
What is -10 (base 3) in base 5?
-3
2 (base 7) to base 8
2
-23 (base 5) to base 7
-16
Convert 6 (base 15) to base 11.
6
Convert 7 (base 14) to base 4.
13
Convert 14 (base 12) to base 3.
121
-5 (base 10) to base 13
-5
-124 (base 6) to base 14
-3a
141 (base 6) to base 3
2021
What is 8e (base 15) in base 2?
10000110
Convert -2 (base 14) to base 3.
-2
What is -456 (base 8) in base 6?
-1222
Convert -402 (base 6) to base 13.
-b3
What is 23 (base 7) in base 3?
122
Convert -48 (base 12) to base 6.
-132
Convert 138 (base 10) to base 2.
10001010
What is -5 (base 9) in base 10?
-5
94 (base 13) to base 16
79
Convert -5 (base 8) to base 6.
-5
Convert -146 (base 8) to base 6.
-250
0 (base 16) to base 15
0
What is 0 (base 4) in base 11?
0
3 (base 10) to base 14
3
Convert 7b (base 14) to base 15.
74
Convert 110010 (base 2) to base 11.
46
Convert -10 (base 4) to base 10.
-4
What is 1131 (base 4) in base 9?
113
51 (base 10) to base 7
102
55 (base 13) to base 6
154
Convert 1110 (base 2) to base 7.
20
1033 (base 5) to base 4
2033
What is a (base 12) in base 15?
a
fc (base 16) to base 14
140
What is 9 (base 13) in base 7?
12
What is -1 (base 6) in base 8?
-1
4 (base 6) to base 3
11
Convert -b (base 14) to base 8.
-13
What is -1100010 (base 2) in base 6?
-242
122 (base 3) to base 2
10001
What is 220 (base 3) in base 14?
1a
Convert 12 (base 11) to base 15.
d
-3 (base 5) to base 11
-3
-1a6 (base 13) to base 3
-102022
Convert 1 (base 8) to base 11.
1
-21 (base 5) to base 2
-1011
What is 252 (base 6) in base 2?
1101000
-1240 (base 5) to base 7
-366
What is -2 (base 11) in base 6?
-2
-3 (base 14) to base 6
-3
Convert 2 (base 12) to base 10.
2
-202 (base 7) to base 6
-244
What is 312 (base 10) in base 13?
1b0
What is 23 (base 16) in base 4?
203
What is 3 (base 6) in base 2?
11
Convert 21 (base 3) to base 7.
10
What is -3 (base 15) in base 11?
-3
Convert 1b (base 15) to base 12.
22
What is -6 (base 13) in base 11?
-6
0 (base 5) to base 8
0
What is -2201 (base 3) in base 14?
-53
What is 3 (base 4) in base 2?
11
Convert -60 (base 7) to base 12.
-36
What is -100 (base 3) in base 13?
-9
Convert -4 (base 9) to base 4.
-10
-1021 (base 4) to base 7
-133
Convert -19 (base 15) to base 2.
-11000
Convert 1 (base 7) to base 2.
1
Convert 242 (base 7) to base 13.
9b
What is -27 (base 9) in base 3?
-221
16 (base 16) to base 13
19
What is -131 (base 4) in base 8?
-35
Convert 110 (base 2) to base 4.
12
Convert 27 (base 8) to base 16.
17
What is 3 (base 15) in base 3?
10
-72 (base 14) to base 9
-121
Convert 5 (base 8) to base 12.
5
20 (base 16) to base 11
2a
What is 3 (base 4) in base 10?
3
What is 13 (base 8) in base 11?
10
What is -12 (base 16) in base 15?
-13
What is -35 (base 7) in base 9?
-28
9d (base 16) to base 12
111
What is 120 (base 6) in base 4?
300
Convert -43 (base 9) to base 4.
-213
Convert 4 (base 8) to base 3.
11
Convert 29 (base 15) to base 8.
47
45 (base 14) to base 16
3d
2 (base 3) to base 9
2
What is -101001 (base 2) in base 7?
-56
Convert -4 (base 9) to base 2.
-100
-12 (base 5) to base 12
-7
6 (base 14) to base 4
12
What is -12 (base 7) in base 9?
-10
Convert -125 (base 15) to base 16.
-104
Convert 7 (base 8) to base 4.
13
99 (base 16) to base 7
306
What is -88 (base 10) in base 6?
-224
Convert 10010 (base 2) to base 14.
14
-5 (base 15) to base 5
-1